{"id":148,"date":"2025-09-25T14:42:37","date_gmt":"2025-09-25T14:42:37","guid":{"rendered":"https:\/\/logoterapeuta.eu\/?page_id=148"},"modified":"2025-10-01T13:11:09","modified_gmt":"2025-10-01T13:11:09","slug":"osada-jagiella","status":"publish","type":"page","link":"https:\/\/logoterapeuta.eu\/index.php\/osada-jagiella\/","title":{"rendered":"osada jagie\u0142\u0142a"},"content":{"rendered":"\n<h1 class=\"wp-block-heading has-large-font-size\">Osada Jagie\u0142\u0142a \u2013 Centrum Terapii i Mentoringu Noetycznego<\/h1>\n\n\n\n<p><strong>Osada Jagie\u0142\u0142a<\/strong>&nbsp;to unikalna inwestycja w trakcie realizacji \u2013 miejsce tworzone z my\u015bl\u0105 o terapii, rozwoju i odpoczynku w pe\u0142nej dyskrecji i blisko\u015bci natury. Powstaje w sercu wsi, w otoczeniu lasu, jeziora i p\u00f3l, gdzie mo\u017cna do\u015bwiadczy\u0107 ciszy, spokoju i autentycznego kontaktu ze sob\u0105.<\/p>\n\n\n\n<p>Osada \u0142\u0105czy w sobie&nbsp;<strong>centrum terapeutyczne, przestrze\u0144 warsztatow\u0105 i kameraln\u0105 baz\u0119 noclegow\u0105<\/strong>. Dyskrecja i anonimowo\u015b\u0107 to nasze priorytety \u2013 ka\u017cdy go\u015b\u0107 mo\u017ce czu\u0107 si\u0119 swobodnie i bezpiecznie.<\/p>\n\n\n\n<p>W ramach o\u015brodka powstaj\u0105 m.in.:<\/p>\n\n\n\n<ul class=\"wp-block-list\">\n<li><strong>szklarnia sensoryczna<\/strong>\u00a0\u2013 przestrze\u0144 terapii \u015bwiat\u0142em, d\u017awi\u0119kiem i zapachem,<\/li>\n\n\n\n<li><strong>ogr\u00f3d terapeutyczny<\/strong>\u00a0\u2013 do\u015bwiadczanie hortiterapii poprzez kontakt z ro\u015blinami i prac\u0119 z ziemi\u0105,<\/li>\n\n\n\n<li><strong>las i jezioro<\/strong>\u00a0\u2013 miejsce k\u0105pieli le\u015bnych, spacer\u00f3w i wyciszenia,<\/li>\n\n\n\n<li><strong>pracownia tw\u00f3rcza<\/strong>\u00a0\u2013 arteterapia, ekspresja artystyczna i autorska metoda\u00a0<strong>Neuroryt\u00ae<\/strong>,<\/li>\n\n\n\n<li><strong>strefa noclegowa<\/strong>\u00a0\u2013 kameralne, dyskretne pokoje dla os\u00f3b uczestnicz\u0105cych w terapii, warsztatach i programach rozwojowych.<\/li>\n<\/ul>\n\n\n\n<p><strong>Osada Jagie\u0142\u0142a<\/strong>&nbsp;to centrum terapii egzystencjalnej i mentoringu noetycznego \u2013 pracy nad sensem, warto\u015bciami i wolno\u015bci\u0105 wewn\u0119trzn\u0105. To miejsce, gdzie cz\u0142owiek mo\u017ce nie tylko przej\u015b\u0107 przez kryzys, ale tak\u017ce odkry\u0107 w sobie nowe \u017ar\u00f3d\u0142a si\u0142y i harmonii.<\/p>\n\n\n\n<p>Tworzymy przestrze\u0144, w kt\u00f3rej&nbsp;<strong>terapia \u0142\u0105czy si\u0119 z natur\u0105 i tw\u00f3rczo\u015bci\u0105<\/strong>&nbsp;\u2013 aby ka\u017cda osoba mog\u0142a poczu\u0107 si\u0119 wys\u0142uchana, bezpieczna i anonimowa, a zarazem otwarta na g\u0142\u0119bok\u0105 zmian\u0119.<\/p>\n","protected":false},"excerpt":{"rendered":"<p>Osada Jagie\u0142\u0142a \u2013 Centrum Terapii i Mentoringu Noetycznego Osada Jagie\u0142\u0142a&nbsp;to unikalna inwestycja w trakcie realizacji \u2013 miejsce tworzone z my\u015bl\u0105 o terapii, rozwoju i odpoczynku w pe\u0142nej dyskrecji i blisko\u015bci natury. Powstaje w sercu wsi, w otoczeniu lasu, jeziora i p\u00f3l, gdzie mo\u017cna do\u015bwiadczy\u0107 ciszy, spokoju i autentycznego kontaktu ze sob\u0105. Osada \u0142\u0105czy w sobie&nbsp;centrum [&hellip;]<\/p>\n","protected":false},"author":1,"featured_media":0,"parent":0,"menu_order":0,"comment_status":"closed","ping_status":"closed","template":"","meta":{"footnotes":""},"class_list":["post-148","page","type-page","status-publish","hentry"],"_links":{"self":[{"href":"https:\/\/logoterapeuta.eu\/index.php\/wp-json\/wp\/v2\/pages\/148","targetHints":{"allow":["GET"]}}],"collection":[{"href":"https:\/\/logoterapeuta.eu\/index.php\/wp-json\/wp\/v2\/pages"}],"about":[{"href":"https:\/\/logoterapeuta.eu\/index.php\/wp-json\/wp\/v2\/types\/page"}],"author":[{"embeddable":true,"href":"https:\/\/logoterapeuta.eu\/index.php\/wp-json\/wp\/v2\/users\/1"}],"replies":[{"embeddable":true,"href":"https:\/\/logoterapeuta.eu\/index.php\/wp-json\/wp\/v2\/comments?post=148"}],"version-history":[{"count":2,"href":"https:\/\/logoterapeuta.eu\/index.php\/wp-json\/wp\/v2\/pages\/148\/revisions"}],"predecessor-version":[{"id":263,"href":"https:\/\/logoterapeuta.eu\/index.php\/wp-json\/wp\/v2\/pages\/148\/revisions\/263"}],"wp:attachment":[{"href":"https:\/\/logoterapeuta.eu\/index.php\/wp-json\/wp\/v2\/media?parent=148"}],"curies":[{"name":"wp","href":"https:\/\/api.w.org\/{rel}","templated":true}]}}